 u(w) = w**3 - 3*w + 24. Let k be u(0). Calculate the greatest common divisor of k and 168.
24
Suppose 0 = 5*j + 11 - 66. Suppose 32 = -2*t - 2*t. Let k be 55/2*t/(-5). What is the greatest common factor of j and k?
11
Suppose 5*z = 0, -24 + 6 = -3*i - 5*z. Calculate the greatest common factor of 6 and i.
6
Suppose c - 4*z = -4*c + 18, -z = 2. Calculate the greatest common divisor of c and 14.
2
Let d(x) = 2*x**2. Let p be d(2). Suppose 3*t + 17 = 4*t - 2*q, 0 = -4*q + p. Let m be 2/2 - (0 - 2). Calculate the highest common factor of t and m.
3
Let t(b) = -13*b + 46. Let p be t(-6). What is the greatest common divisor of p and 186?
62
Let b = 5 - 1. Suppose b*s - 42 = 6. What is the highest common factor of s and 132?
12
Let f(s) = 3*s**3 - s**2 - s + 2. Let q be f(2). Let p be (7/3 - -1)*3. What is the greatest common divisor of p and q?
10
Suppose -4*j - 4*i + 2449 = 417, -4*i = 5*j - 2544. Suppose 3*u = -u + j. Calculate the highest common factor of u and 16.
16
Suppose 0 = -2*m + 5*c + 74, 4*m + 0*c = 2*c + 132. Calculate the greatest common factor of 288 and m.
32
Suppose -5*l - 1120 = -4*q, 3*l + 562 = -3*q + 5*q. Let v = -176 + q. Suppose -2*f - f + 33 = 0. What is the greatest common factor of f and v?
11
Let j(s) = s**3 - 2*s**2 - 4*s + 5. Let r be j(4). Let f be 3/(6/22) - -3. Calculate the highest common factor of r and f.
7
Suppose -4*v = -5*y + 235, 5*v - 51 = -2*y + 76. Calculate the greatest common factor of y and 17.
17
Suppose 0 = 3*g - 2*v - 58, -g - 5*v + 2*v + 34 = 0. Calculate the greatest common divisor of g and 33.
11
Suppose 48 = 3*c - 2*z - 2, -4*c + z = -70. What is the greatest common factor of 54 and c?
18
Let c be -7*(-2 + (-88)/(-14)). Let x = c + 50. Suppose 0 = 3*z - 9, -4*f - z = -2*f - 13. Calculate the highest common factor of f and x.
5
Suppose 18*h - 392 = 1264. What is the highest common factor of h and 23?
23
Let s be (-16)/7 + (-4)/(-14). Let n be (-225)/s + 1/(-2). Calculate the greatest common divisor of n and 16.
16
Let i = -8 - -179. Let u be 4 + -2 - 1*-17. What is the highest common divisor of i and u?
19
Suppose -22*s = -24*s + 66. What is the highest common factor of 66 and s?
33
Suppose 0 = -4*n - 3*d + 2658, -n + 0*n - 4*d = -658. Let j be (-2)/(-7) + n/21. Calculate the greatest common divisor of j and 8.
8
Suppose 0 = -3*k + 400 + 161. Let m = k + -131. What is the highest common factor of m and 14?
14
Let m be (3 + 3 - 2) + 111. What is the greatest common factor of 23 and m?
23
Let t(w) = w**2 + w - 2. Let n be t(-2). Let u = 4 + n. Let s be u/(-10) + (-334)/(-10). What is the greatest common divisor of 22 and s?
11
Let n be 3/(((-18)/(-4))/3). Suppose -3*v = n*v - 800. Suppose -5*j + 98 = -q, 0*j - 2*q - 36 = -2*j. Calculate the greatest common divisor of v and j.
20
Suppose 5*d + 264 = 3*d. Let n = -90 - d. What is the greatest common divisor of n and 28?
14
Suppose 4*l - 57 = 23. Suppose 0*p = -4*p + l. Calculate the highest common factor of 1 and p.
1
Let o be 62/10 - 8/40. Let l = 0 - -2. Let y be l/(-3)*(-1 - 53). What is the greatest common factor of y and o?
6
Let h(j) = -j**2 - 12*j + 7. Let w be h(-9). Suppose -5*i + 26 + w = 0. What is the highest common factor of 36 and i?
12
Suppose -5*s + s = -20. What is the highest common divisor of s and 2?
1
Suppose -2*z + 5*j - 34 + 333 = 0, -2*z = 3*j - 259. Let d = z - 92. Suppose 4*c = 39 + d. What is the highest common divisor of 42 and c?
21
Let n(w) = -w**3 - w + 6. Let s be n(0). Let m(c) = c**3 - 3*c + 2. Let a be m(2). Suppose -g = a*g - 210. Calculate the greatest common divisor of g and s.
6
Suppose 92 = i - 3. Calculate the greatest common factor of 19 and i.
19
Let n(w) = 23*w**2 - 2*w - 1. Let u be n(3). Calculate the greatest common factor of 25 and u.
25
Suppose 5*w + 4*z - 73 = 0, -2*z - 3 = -5*w + 88. Calculate the greatest common factor of 187 and w.
17
Suppose 13*f - 17*f + 76 = 0. What is the greatest common divisor of 171 and f?
19
Let k(s) = -s**3 + 18*s**2 + 18*s + 43. Let r be k(19). What is the highest common factor of r and 16?
8
Suppose -3*u + 104 = -w, u - 25 = -2*w + 19. Calculate the greatest common factor of u and 18.
18
Suppose -10*q + 6*q + 456 = 0. Calculate the highest common factor of q and 38.
38
Let d(l) = l**2 + 5. Let p be d(4). Calculate the greatest common divisor of 84 and p.
21
Let k = 5 + 0. Suppose -3*u + 12 + 18 = 3*v, 4*u = -k*v + 38. What is the greatest common factor of 18 and u?
6
Let y(u) = 15*u + 1. Let r be y(3). Let s(w) = -10*w + 15. Let o be s(-10). What is the greatest common divisor of r and o?
23
Let o be -1 - (-6)/4*2. Let z be (o/(-3))/((-2)/15). Suppose -9 = -a - 3*q, 0*a + 5*q + 85 = 5*a. Calculate the highest common factor of a and z.
5
Let m(v) = -v**2 - 7*v + 3. Let h be m(-7). Suppose -g + 28 = 5*n, g = h*n - 2*n - 8. Calculate the highest common divisor of n and 54.
6
Suppose -5*r = t + 177, -2*t - 4*r = -t + 178. Suppose 2*y + 149 = -105. Let w = y - t. Calculate the highest common divisor of 11 and w.
11
Let c(l) = 3*l - 25. Let v be c(9). Suppose 0 = -2*u - 5*x + 27, 2*u + 2*x = -u + 13. Let f be 151/v - u/2. What is the highest common factor of 30 and f?
15
Suppose 315 = v + 4*v. Suppose -12 = -4*c + 8. Let g = 2 + c. What is the highest common divisor of g and v?
7
Suppose -p + 30 = 3*v, p = -4*v + 32 + 8. Suppose 5*c - 10 = v. Suppose c*o - 95 = a, -4*o - a + 91 = -6*a. What is the highest common factor of o and 36?
12
Let u be (1 - (-6)/2) + 502. What is the highest common factor of u and 46?
46
Suppose -5*a + a + 4 = 0. What is the highest common divisor of a and 1?
1
Suppose 6*c - 2*c = -5*n + 22, -5*n = 5*c - 25. Let j be 45/5 - (-4)/(-1). What is the greatest common divisor of n and j?
1
Suppose 3*q = 2*k + 3, 2 = -k + 3*q - 1. Suppose -358 = 2*y + 2*d, d + k*d - 352 = 2*y. Let u = -73 - y. What is the highest common factor of 13 and u?
13
Suppose -5*c - 128 = -4*q, -3*c + 124 = 4*q - 7*c. What is the highest common divisor of 54 and q?
27
Let s(w) = -w**3 + 13*w**2 + 5*w - 11. Let k be s(13). What is the highest common divisor of 6 and k?
6
Suppose -672 = -7*t + 3*t. Calculate the highest common divisor of t and 21.
21
Let m(k) = 1 - k + 4 + 0*k. Let o be m(-8). Calculate the highest common divisor of o and 65.
13
Let v = 30 + -20. What is the greatest common divisor of 10 and v?
10
Suppose 2*j - 30 = -3*j. What is the greatest common divisor of 18 and j?
6
Suppose -5*p = -299 - 196. Calculate the highest common divisor of 9 and p.
9
Let h(o) = o**3 - 5*o**2 + 1. Let c be h(5). Let i = c + 2. Suppose 2 = 5*p - i. Calculate the highest common divisor of 3 and p.
1
Suppose 14*n - 24*n + 780 = 0. What is the highest common factor of 195 and n?
39
Let s(h) = h - 1. Suppose -20 = 2*l + 3*l. Let t be s(l). Let z be 5/((-75)/6)*t. What is the highest common divisor of z and 2?
2
Let w(m) be the first derivative of 2*m**3/3 + 3*m**2/2 - 2*m + 3. Let i be w(-5). Calculate the greatest common factor of 11 and i.
11
Let n be (6/4)/(6/296). Suppose -326 = -4*c - n. Calculate the greatest common factor of 7 and c.
7
Suppose -5*i + 6*u + 220 = u, -4*u = -i + 59. Suppose -3*b = 5*f + 36, -58 = 3*b - 3*f + 2. Let z = b + i. What is the greatest common factor of z and 11?
11
Suppose 2*b = -2*y + 32, -4*y - 25 = 3*b - 77. What is the greatest common factor of 12 and b?
12
Let y(q) = -q**2 + q - 2. Let p be y(0). Let s be 676/8 - p/4. Calculate the greatest common factor of s and 17.
17
Let v(u) = -8 - 2 + u**2 + 3 + 10*u - 8. Let j be v(-12). Calculate the greatest common factor of j and 36.
9
Let a = -6 + 12. What is the highest common factor of a and 48?
6
Let a be ((-40)/(-14))/(23/161). Calculate the highest common factor of a and 30.
10
Let r be (-1)/(1/4 + 85/(-260)). What is the highest common divisor of 1 and r?
1
Let r(m) = -m**3 - 3*m**2 - m - 2. Suppose s + 0 = -4. Let o be r(s). What is the greatest common factor of 2 and o?
2
Let k = 26 - 14. Suppose 0*g = -2*g - 22. Let o = g + 23. What is the highest common divisor of k and o?
12
Let w be ((-68)/(-2))/(10/5). What is the highest common divisor of w and 51?
17
Let c be (1 + 3)*1/4. What is the highest common factor of c and 5?
1
Let x = -25 - -82. Let h = -2 + x. Calculate the highest common divisor of 22 a